{"id":10,"date":"2021-07-07T02:12:39","date_gmt":"2021-07-07T02:12:39","guid":{"rendered":"http:\/\/23.95.8.110\/?page_id=10"},"modified":"2021-09-10T17:07:36","modified_gmt":"2021-09-10T17:07:36","slug":"about","status":"publish","type":"page","link":"https:\/\/pbxcol.com\/index.php\/about\/","title":{"rendered":"About"},"content":{"rendered":"\n<p>Ten el beneficio de poder tener a toda tu empresa en la palma de tu mano. Comunicaciones sin limites geogr\u00e1ficos con una alta disponibilidad. Nos encargamos de darte el mejor servicio a precios muy competitivos en el mercado.<\/p>\n\n\n\n<figure class=\"wp-block-embed aligncenter is-type-video is-provider-youtube wp-block-embed-youtube wp-embed-aspect-16-9 wp-has-aspect-ratio\"><div class=\"wp-block-embed__wrapper\">\n<iframe loading=\"lazy\" title=\"Somos PBXCol Networks\" width=\"525\" height=\"295\" src=\"https:\/\/www.youtube.com\/embed\/fAUSqb6-XYU?feature=oembed\" frameborder=\"0\" allow=\"accelerometer; autoplay; clipboard-write; encrypted-media; gyroscope; picture-in-picture; web-share\" referrerpolicy=\"strict-origin-when-cross-origin\" allowfullscreen><\/iframe>\n<\/div><figcaption>Somos PBXCol Network.<\/figcaption><\/figure>\n\n\n\n<p>Brindamos altos est\u00e1ndares de calidad tanto en infraestructura hardware como de software. Nuestros servidores cuentan con tecnolog\u00eda SSD y NVMe para una maxima eficiencia en el tratamiento, almacenamiento y manipulaci\u00f3n de datos. Los servidores est\u00e1n equipados con procesadores Intel como el Xeon@3GHz+ para un r\u00e1pido procesamiento.  La voz IP corre por cuenta de Asterisk el cual es el l\u00edder mundial en plataformas de telefon\u00eda de c\u00f3digo abierto. Contamos con altos niveles de seguridad a nivel de firewall en la nube.<\/p>\n\n\n\n<figure class=\"wp-block-image size-full\"><img loading=\"lazy\" decoding=\"async\" width=\"887\" height=\"168\" src=\"https:\/\/pbxcol.com\/wp-content\/uploads\/2021\/09\/Banner.png\" alt=\"\" class=\"wp-image-129\" srcset=\"https:\/\/pbxcol.com\/wp-content\/uploads\/2021\/09\/Banner.png 887w, https:\/\/pbxcol.com\/wp-content\/uploads\/2021\/09\/Banner-300x57.png 300w, https:\/\/pbxcol.com\/wp-content\/uploads\/2021\/09\/Banner-768x145.png 768w\" sizes=\"(max-width: 767px) 89vw, (max-width: 1000px) 54vw, (max-width: 1071px) 543px, 580px\" \/><figcaption>Brindamos soporte certificado.<\/figcaption><\/figure>\n\n\n\n<p><\/p>\n","protected":false},"excerpt":{"rendered":"<p>Ten el beneficio de poder tener a toda tu empresa en la palma de tu mano. Comunicaciones sin limites geogr\u00e1ficos con una alta disponibilidad. Nos encargamos de darte el mejor servicio a precios muy competitivos en el mercado. Brindamos altos est\u00e1ndares de calidad tanto en infraestructura hardware como de software. Nuestros servidores cuentan con tecnolog\u00eda &hellip; <\/p>\n<p class=\"link-more\"><a href=\"https:\/\/pbxcol.com\/index.php\/about\/\" class=\"more-link\">Continue reading<span class=\"screen-reader-text\"> &#8220;About&#8221;<\/span><\/a><\/p>\n","protected":false},"author":1,"featured_media":47,"parent":0,"menu_order":0,"comment_status":"closed","ping_status":"closed","template":"","meta":{"footnotes":""},"_links":{"self":[{"href":"https:\/\/pbxcol.com\/index.php\/wp-json\/wp\/v2\/pages\/10"}],"collection":[{"href":"https:\/\/pbxcol.com\/index.php\/wp-json\/wp\/v2\/pages"}],"about":[{"href":"https:\/\/pbxcol.com\/index.php\/wp-json\/wp\/v2\/types\/page"}],"author":[{"embeddable":true,"href":"https:\/\/pbxcol.com\/index.php\/wp-json\/wp\/v2\/users\/1"}],"replies":[{"embeddable":true,"href":"https:\/\/pbxcol.com\/index.php\/wp-json\/wp\/v2\/comments?post=10"}],"version-history":[{"count":12,"href":"https:\/\/pbxcol.com\/index.php\/wp-json\/wp\/v2\/pages\/10\/revisions"}],"predecessor-version":[{"id":134,"href":"https:\/\/pbxcol.com\/index.php\/wp-json\/wp\/v2\/pages\/10\/revisions\/134"}],"wp:featuredmedia":[{"embeddable":true,"href":"https:\/\/pbxcol.com\/index.php\/wp-json\/wp\/v2\/media\/47"}],"wp:attachment":[{"href":"https:\/\/pbxcol.com\/index.php\/wp-json\/wp\/v2\/media?parent=10"}],"curies":[{"name":"wp","href":"https:\/\/api.w.org\/{rel}","templated":true}]}}