{"id":9,"date":"2021-07-07T02:12:39","date_gmt":"2021-07-07T02:12:39","guid":{"rendered":"http:\/\/23.95.8.110\/?page_id=9"},"modified":"2022-10-06T16:47:47","modified_gmt":"2022-10-06T16:47:47","slug":"home","status":"publish","type":"page","link":"https:\/\/pbxcol.com\/","title":{"rendered":"Home"},"content":{"rendered":"\n<p>Bienvenido a PBXCol Network. Ofrecemos soluciones de PBX en la nube, creaci\u00f3n de IVRs, extensiones, n\u00fameros virtuales en diferentes pa\u00edses y planes de llamadas ilimitadas en la misma PBX o como un servicio individual.<\/p>\n\n\n\n<figure class=\"wp-block-image size-large\"><img loading=\"lazy\" decoding=\"async\" width=\"1024\" height=\"590\" src=\"http:\/\/23.95.8.110\/wp-content\/uploads\/2021\/07\/Cloud-Phone-Fondo1-1024x590.jpg\" alt=\"\" class=\"wp-image-34\" srcset=\"https:\/\/pbxcol.com\/wp-content\/uploads\/2021\/07\/Cloud-Phone-Fondo1-1024x590.jpg 1024w, https:\/\/pbxcol.com\/wp-content\/uploads\/2021\/07\/Cloud-Phone-Fondo1-300x173.jpg 300w, https:\/\/pbxcol.com\/wp-content\/uploads\/2021\/07\/Cloud-Phone-Fondo1-768x443.jpg 768w, https:\/\/pbxcol.com\/wp-content\/uploads\/2021\/07\/Cloud-Phone-Fondo1-1536x886.jpg 1536w, https:\/\/pbxcol.com\/wp-content\/uploads\/2021\/07\/Cloud-Phone-Fondo1.jpg 1719w\" sizes=\"(max-width: 767px) 89vw, (max-width: 1000px) 54vw, (max-width: 1071px) 543px, 580px\" \/><\/figure>\n\n\n\n<h1 class=\"wp-block-heading\">\u00bfPOR QUE UNA PBX EN LA NUBE?<\/h1>\n\n\n\n<p>La confiabilidad y la alta disponibilidad que provee tener una PBX en la nube reduce altamente los costos para su empresa, ahorra espacio y tambi\u00e9n brinda la ventaja de enlazar sus sedes alrededor del mundo. Ofrecemos servidores en la nube con sistema Asterisk instalado y configurado como por ejemplo FreePBX o Issabel en donde la administraci\u00f3n corre por cuenta del cliente. Tambien ofrecemos la posibilidad de utilizar un servidor nuestro en donde la administraci\u00f3n corre por cuenta nuestra.<br>Para escuchar una demostraci\u00f3n de como quedar\u00eda un servicio de PBX en la nube con un IVR el cual indica algunas opciones o mensajes, puede marcar sin compromisos al numero celular en Colombia:&nbsp;<mark style=\"background-color:rgba(0, 0, 0, 0)\" class=\"has-inline-color has-luminous-vivid-orange-color\"><strong>+57 3213806868<\/strong><\/mark> o al numero en USA <strong><mark style=\"background-color:rgba(0, 0, 0, 0)\" class=\"has-inline-color has-luminous-vivid-orange-color\">+1 7868226331<\/mark><\/strong>.<\/p>\n\n\n\n<figure class=\"wp-block-image size-large\"><img loading=\"lazy\" decoding=\"async\" width=\"1024\" height=\"576\" src=\"https:\/\/pbxcol.com\/wp-content\/uploads\/2021\/08\/SIMCard-1-1024x576.png\" alt=\"\" class=\"wp-image-90\" srcset=\"https:\/\/pbxcol.com\/wp-content\/uploads\/2021\/08\/SIMCard-1-1024x576.png 1024w, https:\/\/pbxcol.com\/wp-content\/uploads\/2021\/08\/SIMCard-1-300x169.png 300w, https:\/\/pbxcol.com\/wp-content\/uploads\/2021\/08\/SIMCard-1-768x432.png 768w, https:\/\/pbxcol.com\/wp-content\/uploads\/2021\/08\/SIMCard-1.png 1280w\" sizes=\"(max-width: 767px) 89vw, (max-width: 1000px) 54vw, (max-width: 1071px) 543px, 580px\" \/><figcaption><strong>Modelo empresarial de bajo costo en la nube usando SIM cards. <\/strong><br>1: Personas llamando local o internacionalmente.<br>2: Numero movil en Colombia.<br>3: Tu compa\u00f1ia en la nube.<br>4: PBX en la nube<\/figcaption><\/figure>\n\n\n\n<h1 class=\"wp-block-heading\">Numero virtual con operador movil &#8211; Colombia.<\/h1>\n\n\n\n<figure class=\"wp-block-image size-large\"><img loading=\"lazy\" decoding=\"async\" width=\"1024\" height=\"576\" src=\"https:\/\/pbxcol.com\/wp-content\/uploads\/2021\/08\/Local-1024x576.png\" alt=\"\" class=\"wp-image-87\" srcset=\"https:\/\/pbxcol.com\/wp-content\/uploads\/2021\/08\/Local-1024x576.png 1024w, https:\/\/pbxcol.com\/wp-content\/uploads\/2021\/08\/Local-300x169.png 300w, https:\/\/pbxcol.com\/wp-content\/uploads\/2021\/08\/Local-768x432.png 768w, https:\/\/pbxcol.com\/wp-content\/uploads\/2021\/08\/Local.png 1280w\" sizes=\"(max-width: 767px) 89vw, (max-width: 1000px) 54vw, (max-width: 1071px) 543px, 580px\" \/><figcaption><strong>A. <\/strong>Llamadas locales hacia las SIM card virtualizadas.<br><strong>B. <\/strong>Recibe la llamada en cualquier parte del globo a bajo costo usando servicio de internet.<\/figcaption><\/figure>\n\n\n\n<p>Empieza a recibir llamadas desde cualquier lugar del mundo como si estuvieras en Colombia con el numero virtual. El numero virtual puede ser adquirido con cualquier operador movil en Colombia (Claro, Tigo o Movistar). Tambien ofrecemos planes de llamadas ilimitadas a bajo costo.<\/p>\n\n\n\n<figure class=\"wp-block-embed is-type-video is-provider-youtube wp-block-embed-youtube wp-embed-aspect-16-9 wp-has-aspect-ratio\"><div class=\"wp-block-embed__wrapper\">\n<iframe loading=\"lazy\" title=\"Numeros Virtuales con operadores moviles en Colombia. PBXCol.\" width=\"525\" height=\"295\" src=\"https:\/\/www.youtube.com\/embed\/ko79Sm6zajw?feature=oembed\" frameborder=\"0\" allow=\"accelerometer; autoplay; clipboard-write; encrypted-media; gyroscope; picture-in-picture; web-share\" referrerpolicy=\"strict-origin-when-cross-origin\" allowfullscreen><\/iframe>\n<\/div><figcaption>Numeros Virtuales con operadores m\u00f3viles y soluciones empresariales.<\/figcaption><\/figure>\n\n\n\n<h1 class=\"wp-block-heading\">Numero virtual internacional.<\/h1>\n\n\n\n<p>Brindamos la posibilidad de que tambi\u00e9n tengas n\u00fameros virtuales en diferentes partes del globo, aumentando la contactabilidad y rompiendo limites geogr\u00e1ficos. Puedes recibir llamadas desde cualquier parte del mundo como si estuvieras geogr\u00e1ficamente en el mismo pa\u00eds de la persona que te llama.<\/p>\n\n\n\n<figure class=\"wp-block-image size-large\"><img loading=\"lazy\" decoding=\"async\" width=\"1024\" height=\"576\" src=\"https:\/\/pbxcol.com\/wp-content\/uploads\/2021\/08\/Internacional-1024x576.png\" alt=\"\" class=\"wp-image-86\" srcset=\"https:\/\/pbxcol.com\/wp-content\/uploads\/2021\/08\/Internacional-1024x576.png 1024w, https:\/\/pbxcol.com\/wp-content\/uploads\/2021\/08\/Internacional-300x169.png 300w, https:\/\/pbxcol.com\/wp-content\/uploads\/2021\/08\/Internacional-768x432.png 768w, https:\/\/pbxcol.com\/wp-content\/uploads\/2021\/08\/Internacional.png 1280w\" sizes=\"(max-width: 767px) 89vw, (max-width: 1000px) 54vw, (max-width: 1071px) 543px, 580px\" \/><figcaption><strong>Esquema con n\u00fameros virtuales internacionales.<\/strong><br><strong> 1<\/strong>: Personas llamando local o internacionalmente.<br><strong>2<\/strong>: Numero en cualquier lugar del mundo.<br><strong>3<\/strong>: Tu compa\u00f1ia en la nube.<br><strong>4<\/strong>: PBX en la nube. <\/figcaption><\/figure>\n\n\n\n<h1 class=\"has-text-align-center wp-block-heading\" style=\"line-height:0\"> Portafolio de servicios. <\/h1>\n\n\n\n<div class=\"wp-block-buttons is-horizontal is-content-justification-center is-layout-flex wp-container-core-buttons-is-layout-1 wp-block-buttons-is-layout-flex\">\n<div class=\"wp-block-button\"><a class=\"wp-block-button__link\" href=\"https:\/\/pbxcol.com\/wp-content\/uploads\/2021\/08\/PBXCOL-ES.pdf\">Espa\u00f1ol<\/a><\/div>\n\n\n\n<div class=\"wp-block-button\"><a class=\"wp-block-button__link\" href=\"https:\/\/pbxcol.com\/wp-content\/uploads\/2021\/08\/PBXCOL-EN.pdf\">Ingles<\/a><\/div>\n<\/div>\n\n\n\n<p><\/p>\n","protected":false},"excerpt":{"rendered":"<p>Bienvenido a PBXCol Network. Ofrecemos soluciones de PBX en la nube, creaci\u00f3n de IVRs, extensiones, n\u00fameros virtuales en diferentes pa\u00edses y planes de llamadas ilimitadas en la misma PBX o como un servicio individual. \u00bfPOR QUE UNA PBX EN LA NUBE? La confiabilidad y la alta disponibilidad que provee tener una PBX en la nube &hellip; <\/p>\n<p class=\"link-more\"><a href=\"https:\/\/pbxcol.com\/\" class=\"more-link\">Continue reading<span class=\"screen-reader-text\"> &#8220;Home&#8221;<\/span><\/a><\/p>\n","protected":false},"author":1,"featured_media":0,"parent":0,"menu_order":0,"comment_status":"closed","ping_status":"closed","template":"","meta":{"footnotes":""},"_links":{"self":[{"href":"https:\/\/pbxcol.com\/index.php\/wp-json\/wp\/v2\/pages\/9"}],"collection":[{"href":"https:\/\/pbxcol.com\/index.php\/wp-json\/wp\/v2\/pages"}],"about":[{"href":"https:\/\/pbxcol.com\/index.php\/wp-json\/wp\/v2\/types\/page"}],"author":[{"embeddable":true,"href":"https:\/\/pbxcol.com\/index.php\/wp-json\/wp\/v2\/users\/1"}],"replies":[{"embeddable":true,"href":"https:\/\/pbxcol.com\/index.php\/wp-json\/wp\/v2\/comments?post=9"}],"version-history":[{"count":28,"href":"https:\/\/pbxcol.com\/index.php\/wp-json\/wp\/v2\/pages\/9\/revisions"}],"predecessor-version":[{"id":148,"href":"https:\/\/pbxcol.com\/index.php\/wp-json\/wp\/v2\/pages\/9\/revisions\/148"}],"wp:attachment":[{"href":"https:\/\/pbxcol.com\/index.php\/wp-json\/wp\/v2\/media?parent=9"}],"curies":[{"name":"wp","href":"https:\/\/api.w.org\/{rel}","templated":true}]}}